st common divisor of 315 and 480?
15
Calculate the highest common factor of 20 and 6920.
20
What is the greatest common divisor of 1419 and 129?
129
Calculate the highest common divisor of 56 and 644.
28
Calculate the highest common factor of 12 and 384.
12
Calculate the highest common factor of 65 and 5915.
65
Calculate the highest common divisor of 66 and 814.
22
Calculate the greatest common divisor of 20 and 400.
20
What is the highest common divisor of 74 and 296?
74
What is the greatest common factor of 3700 and 1332?
148
What is the highest common factor of 50 and 20?
10
Calculate the highest common factor of 4981 and 17.
17
What is the highest common factor of 10704 and 144?
48
Calculate the highest common factor of 772 and 10615.
193
What is the highest common divisor of 72 and 306?
18
Calculate the greatest common factor of 139 and 12371.
139
Calculate the greatest common divisor of 52 and 8.
4
Calculate the greatest common divisor of 72 and 1992.
24
What is the highest common factor of 117 and 104?
13
What is the greatest common factor of 186 and 4216?
62
Calculate the highest common divisor of 1938 and 306.
102
Calculate the greatest common divisor of 2715 and 60.
15
Calculate the greatest common factor of 11712 and 16.
16
What is the greatest common divisor of 360 and 792?
72
What is the highest common factor of 165 and 5170?
55
Calculate the greatest common factor of 279 and 2367.
9
Calculate the highest common factor of 60 and 8320.
20
Calculate the greatest common factor of 19068 and 70.
14
What is the highest common divisor of 581 and 166?
83
Calculate the highest common factor of 546 and 217.
7
Calculate the greatest common divisor of 7847 and 133.
133
Calculate the highest common factor of 418 and 1881.
209
Calculate the highest common factor of 248 and 16.
8
What is the greatest common divisor of 7663 and 316?
79
Calculate the greatest common divisor of 56 and 16.
8
Calculate the highest common divisor of 115 and 1541.
23
What is the highest common divisor of 2074 and 244?
122
Calculate the greatest common factor of 999 and 54.
27
What is the highest common factor of 517 and 11?
11
What is the highest common factor of 2463 and 6?
3
What is the highest common factor of 1197 and 684?
171
Calculate the greatest common divisor of 3026 and 34.
34
Calculate the greatest common factor of 345 and 207.
69
Calculate the greatest common divisor of 286 and 3355.
11
Calculate the greatest common divisor of 340 and 10.
10
What is the highest common divisor of 48 and 6?
6
Calculate the greatest common divisor of 1824 and 19.
19
Calculate the highest common factor of 1404 and 72.
36
What is the greatest common factor of 2 and 1079?
1
Calculate the greatest common divisor of 20 and 148.
4
What is the highest common factor of 140 and 8?
4
Calculate the highest common divisor of 576 and 828.
36
What is the greatest common factor of 742 and 4081?
371
Calculate the greatest common divisor of 140 and 4.
4
What is the greatest common factor of 56 and 378?
14
What is the greatest common factor of 70 and 32165?
35
What is the greatest common divisor of 177 and 1?
1
Calculate the highest common factor of 1843 and 76.
19
What is the greatest common divisor of 25 and 20325?
25
Calculate the highest common divisor of 434 and 28.
14
What is the highest common divisor of 54 and 758?
2
What is the greatest common factor of 129 and 559?
43
Calculate the highest common divisor of 1037 and 1159.
61
Calculate the highest common factor of 136 and 4012.
68
What is the highest common divisor of 2 and 2177?
1
What is the greatest common factor of 18 and 846?
18
What is the greatest common divisor of 390 and 10?
10
What is the highest common divisor of 2346 and 102?
102
What is the greatest common divisor of 21417 and 484?
121
Calculate the greatest common divisor of 10 and 140.
10
Calculate the highest common divisor of 270 and 297.
27
What is the greatest common divisor of 368 and 16376?
184
What is the greatest common factor of 6 and 3362?
2
What is the highest common divisor of 16 and 88?
8
Calculate the highest common divisor of 391 and 46.
23
What is the greatest common divisor of 55 and 17105?
55
What is the highest common divisor of 26745 and 3?
3
What is the highest common factor of 48 and 648?
24
Calculate the highest common factor of 272 and 176.
16
Calculate the highest common factor of 10769 and 89.
89
What is the greatest common divisor of 150 and 390?
30
Calculate the greatest common divisor of 990 and 540.
90
What is the greatest common factor of 438 and 6?
6
Calculate the greatest common factor of 32 and 2560.
32
What is the greatest common factor of 48 and 1392?
48
What is the highest common divisor of 63 and 1736?
7
What is the greatest common divisor of 4 and 288?
4
What is the highest common factor of 94 and 94?
94
What is the highest common divisor of 403 and 124?
31
What is the greatest common divisor of 345 and 1?
1
Calculate the greatest common divisor of 17716 and 172.
172
Calculate the highest common factor of 19 and 361.
19
What is the highest common factor of 3930 and 30?
30
What is the highest common factor of 52 and 23751?
13
What is the highest common divisor of 145 and 27608?
29
Calculate the highest common factor of 594 and 66.
66
What is the greatest common divisor of 84 and 105?
21
What is the greatest common divisor of 9 and 3?
3
What is the highest common divisor of 3100 and 100?
100
Calculate the highest common divisor of 188 and 658.
94
What is the highest common divisor of 406 and 826?
14
Calculate the greatest common divisor of 21 and 553.
7
Calculate the greatest common divisor of 3679 and 26.
13
Calculate the highest common divisor of 44 and 26.
2
Calculate the highest common factor of 396 and 1116.
36
What is the greatest common factor of 8 and 3472?
8
Calculate the greatest common divisor of 320 and 35.
5
What is the highest common divisor of 1734 and 6?
6
What is the greatest common divisor of 5 and 1055?
5
Calculate the greatest common divisor of 24 and 348.
12
What is the greatest common factor of 14 and 4109?
7
Calculate the highest common factor of 289 and 61268.
289
What is the highest common divisor of 11 and 13739?
11
Calculate the greatest common factor of 602 and 70.
14
What is the highest common divisor of 165 and 30?
15
What is the highest common divisor of 2 and 2648?
2
Calculate the highest common factor of 1596 and 1368.
228
What is the highest common divisor of 88 and 2024?
88
What is the greatest common factor of 64 and 26944?
64
What is the highest common divisor of 1302 and 34286?
434
Calculate the highest common factor of 20 and 70.
10
Calculate the greatest common divisor of 786 and 6.
6
Calculate the greatest common factor of 48 and 3228.
12
What is the highest common factor of 44 and 52?
4
Calculate the greatest common divisor of 413 and 177.
59
What is the highest common divisor of 9542 and 26?
26
Calculate the highest common factor of 352 and 128.
32
Calculate the highest common factor of 155 and 10.
5
What is the highest common divisor of 105 and 960?
15
What is the highest common factor of 14322 and 186?
186
What is the greatest common factor of 28 and 175?
7
Calculate the greatest common factor of 960 and 30.
30
What is the greatest common factor of 13 and 65?
13
What is the greatest common factor of 280 and 360?
40
Calculate the greatest common divisor of 14400 and 15.
15
Calculate the greatest common divisor of 21 and 1183.
7
Calculate the highest common factor of 56 and 1512.
56
Calculate the highest common factor of 12 and 138.
6
What is the greatest common factor of 1298 and 531?
59
Calculate the greatest common factor of 12 and 384.
12
What is the greatest common factor of 48 and 96?
48
What is the greatest common factor of 40 and 60?
20
What is the greatest common divisor of 1512 and 14?
14
What is the greatest common divisor of 1488 and 16?
16
Calculate the highest common factor of 7 and 25.
1
What is the greatest common divisor of 110 and 880?
110
What is the greatest common divisor of 11 and 1221?
11
Calculate the highest common factor of 4 and 338.
2
What is the highest common factor of 336 and 21?
21
Calculate the greatest common factor of 2726 and 47.
47
What is the highest